 Give q(m).
-6
Let f(t) be the third derivative of -t**5/60 - 3*t**4/8 - 2*t**2 - 1. Give f(-10).
-10
Let j = 164 - 157. Let l(n) = -n**3 + 6*n**2 + 8*n - 2. Determine l(j).
5
Let d(a) = 12*a**3 + 3 - 120*a + 112*a - 6*a**3. Let g(n) = -n**3 - n**2. Let k(h) = d(h) + 5*g(h). Calculate k(6).
-9
Let h(p) = 3*p**2 + p + 5*p**3 - 9*p**3 - 5*p**3 - p**2. Let c be ((-3)/(-2))/(20/(-8) + 1). Determine h(c).
10
Let q(f) = -14 - 7*f - 10*f - f**3 - 1 - 4 - 16*f**2. Determine q(-15).
11
Suppose 37*h + 74 = -37*h. Let t(k) = 17*k. Calculate t(h).
-17
Let j be 2/(5 + -3) + -2. Let d(x) = 31*x**3 + x**2 + x + 1. Give d(j).
-30
Let l(t) = 3*t**2 - 19*t - 28. Let w(n) = 2*n**2 - 10*n - 15. Let u(c) = -4*l(c) + 7*w(c). Calculate u(-3).
7
Suppose 2*u + 3*h - 20 = 0, 41 = 5*u - 0*u + 3*h. Let t(x) = -u*x + 4 + 0 - 8 + 3*x. Give t(-6).
20
Let q(l) = -l - 5. Let p(k) = k + 11. Let o(x) = -6*p(x) - 13*q(x). Let b(i) = -i**2 + 1 - 4*i - i**3 - 3*i - 4*i**2 + 3*i. Let f be b(-4). What is o(f)?
6
Let y(n) be the first derivative of -5*n - 1/2*n**2 - 7. Give y(6).
-11
Let d(m) = -m**2 - 2*m + 1. Let x be (204/(-8))/1*-2. Let g = 48 - x. What is d(g)?
-2
Let t(h) be the second derivative of -h**4/12 + 2*h**3/3 + 7*h**2/2 + 223*h. Determine t(6).
-5
Let a(z) = 6*z - 2 - 3 + z**3 - 7*z + 7. Let u be a(2). Let i(v) = -v**3 + 9*v**2 - 10*v + 10. Calculate i(u).
-6
Let v(b) = b**2 + 16*b. Suppose -112 = 67*h - 60*h. Calculate v(h).
0
Let q be 75/(-15) - (-1*4)/2. Let n(t) = -2*t**2 + 6*t - 2. Let c(o) = o**2 - o. Let x(r) = -3*c(r) - n(r). Determine x(q).
2
Suppose -7*i = -4*i - 96. Let c = 27 - i. Let m(p) = -3*p - 5. What is m(c)?
10
Let h(z) = z**3 + 2*z**2 + 4*z + 3. Let m be 7/(-14) + (-9)/2. Let s = -7 - m. What is h(s)?
-5
Let v(x) = -8*x**2 - x**3 + 4*x + 33*x**2 - 5*x**2 - 9*x**2 - 13*x**2 - 3. Give v(-3).
-6
Let k(x) = -x + 4*x + 0*x + 1 + x. Let s(f) = 23*f + 6. Let a(h) = -34*k(h) + 6*s(h). Suppose -3*w - 31 = 4*t, 4*t - 11*w = -6*w + 9. Determine a(t).
-6
Let x = -51 + 40. Let p(k) = -6*k - 7. Let u(l) = 13*l + 13. Let a(m) = x*p(m) - 6*u(m). What is a(1)?
-13
Let n(m) = -2*m - 1 + 5*m + 5*m - m. Let k(c) = -6*c + 3 - 14*c + 0. Let y(t) = 6*k(t) + 17*n(t). Give y(2).
-1
Suppose 0*v - 3*v + 12 = -3*n, 3*v = 4*n + 13. Let w(c) = -2*c**2 + 2*c**v + 4 - 1 - 2 + 0*c**2. What is w(-1)?
-3
Let u = -18 - -13. Let x be -4 + 1 - u/(-5). Let z(y) = -y**3 - 3*y**2 + 2*y - 2. Calculate z(x).
6
Let i(c) = c**2 - 9*c - 10. Let j be i(10). Let v(o) = 3*o**2 - 3*o + 10. Let a(m) = 13*m**2 - 13*m + 41. Let h(b) = -2*a(b) + 9*v(b). What is h(j)?
8
Let j(u) be the third derivative of u**5/20 - u**4/12 - 2*u**3/3 - 752*u**2. Calculate j(-2).
12
Let v(y) = -5*y - 10. Let x(h) = 3*h + 9. Let c(t) = -3*v(t) - 4*x(t). What is c(7)?
15
Let p(i) = -i**2 + i - 1. Let n(k) = -6*k + 21. Let j be n(3). Let x(f) = -12*f**2 + f - 2. Let m(b) = j*p(b) - x(b). What is m(1)?
10
Let x(y) = 8*y**3 + 7*y**2 - 15*y - 23. Let w(f) = -3*f**3 - 2*f**2 + 5*f + 8. Let u(d) = 11*w(d) + 4*x(d). Give u(5).
-4
Suppose 8 = 2*n - 4*o, -3*n = -8*n + 4*o + 20. Let m(w) = -3*w + n*w - w - w**2 - w - 2. Suppose -5*t - 10 = -0*t. Give m(t).
-4
Let k(j) = -j + 8. Let z be k(8). Suppose z = -9*f + 4*f + 25. Suppose f*m - 8*m - 6 = 0. Let t(l) = 2*l**2 + 3*l + 3. Give t(m).
5
Let q(b) = -b**3 - 5*b**2 + 6*b + 9. Suppose 3*f - 2 - 4 = 0. Let w(y) = 6*y + 0*y + 4 - y**f + 0*y**2 - 10. Let u be w(6). Determine q(u).
9
Let y be (-27)/36*((-16)/(-6))/(-1). Suppose -2*j + 0*a - 2 = -a, y*j + 3*a = 14. Let z(r) = 13*r**2 - r + 1. Determine z(j).
13
Let c(b) = -5*b + 18. Let i(d) = -3*d + 17. Let v(a) = -3*c(a) + 4*i(a). Determine v(-6).
-4
Let o(f) = 3*f. Let t be o(-1). Let n(j) = -6*j - 7*j + 21*j + 4 + j**3 + 4*j**2 - 7*j - 6. Give n(t).
4
Let p(o) = 2*o**3 - 59*o**2 - 30*o + 6. Let w be p(30). Let u(r) = -r**2 + 5*r - 7. Give u(w).
-13
Suppose 3*v = 15*v - 36. Suppose 7 = v*n - j, 7*n + j + 1 = 4*n. Let q(t) = 13*t**3 - 1. Determine q(n).
12
Suppose -l - 30 = -6*l. Let f(w) = w**3 - 10*w**2 + 2. Let p(q) = -q**3 + 11*q**2 + q - 3. Let z(v) = l*f(v) + 5*p(v). What is z(4)?
1
Let n(z) = z**2 - z + 17. Let g = -405 - -405. Give n(g).
17
Let b(h) = h**2 + 2*h - 8. Suppose 2*l = 5*k + 2 + 20, 40 = -4*k - 4*l. Give b(k).
16
Let g(y) = -5*y + 14. Let o = -52 + 56. Calculate g(o).
-6
Let a(z) be the first derivative of 0*z**2 + 3 - 1/3*z**3 + 0*z - 1/20*z**5 - 1/360*z**6 - 7/24*z**4. Let d(w) be the third derivative of a(w). Determine d(-5).
-2
Let q(j) = -400*j + 201*j + 195*j. What is q(2)?
-8
Let c(q) be the second derivative of q**5/20 - q**4/3 + q**3/6 + 5*q**2/2 - 22*q. Suppose 4 - 52 = -12*z. Give c(z).
9
Let a(m) be the first derivative of m**3/3 + m**2 - 3*m - 28. Calculate a(3).
12
Let f(x) = -11*x**2 + 6*x - 2. Let d(r) = -6*r**2 + 3*r - 1. Suppose 24 = -l + 19. Let p(h) = l*d(h) + 3*f(h). Calculate p(2).
-7
Let t(z) = -z**3 + 10*z**2 + 2. Let u be t(10). Suppose -1 - 7 = -u*o. Let k be (21/14)/((-3)/o). Let q(i) = -6*i + 1. Calculate q(k).
13
Let b(t) = -3 + 4 + t**3 + 7*t**2 + 4. Suppose -3*a + 77 - 215 = 0. Let y = a - -39. Give b(y).
5
Suppose -1 = 2*p - 5. Let h(g) be the third derivative of -g**4/4 + g**3/3 + 7*g**2 - 2*g. Calculate h(p).
-10
Let p(j) be the first derivative of -j**3/3 + 2*j**2 - 5*j - 1. Let q(z) = -z**3 + 16*z**2 + 17*z + 15. Let o be q(17). Let n = o + -10. Give p(n).
-10
Suppose -62*b + 220 = -84*b. Let n(m) = m**2 + 10*m + 4. Give n(b).
4
Let v(h) = -6*h. Let x be v(-1). Suppose 0 = -8*c + x*c + 4. Let p(y) = -43*y**c + 0*y - y + y**3 + 38*y**2 - 2. Determine p(5).
-7
Suppose 8*b = 56 - 0. Let l(t) = t + 4*t - t - b*t. Calculate l(-1).
3
Let v(q) = -421 + 116 + 126 - 7*q + 136. Give v(-5).
-8
Let v(w) = w**3 - 6*w**2 - 6*w - 3. Let z = 946 - 939. What is v(z)?
4
Let j(a) = 3*a**2 - 13*a - 10. Let q = 699 + -694. What is j(q)?
0
Let x(v) = -19*v + 123. Let g be x(6). Let k(f) be the first derivative of 1/2*f**2 - 1/4*f**4 + 0*f**3 + f - g. What is k(0)?
1
Suppose -4*s = j + j + 2, -2*j + s + 8 = 0. Suppose -j*l = -5*l - 6. Let q(d) be the second derivative of -d**3/2 - 3*d**2/2 - 696*d. Determine q(l).
6
Let f(i) = i**3 + 5*i**2 - i - 4. Let l be (-6)/42 - 136/28. What is f(l)?
1
Let z be ((-24)/10 + 4)/(3/15). Let h be ((-3)/(-4))/((-10)/z)*-5. Let g(u) = 15*u - 31. Let k(r) = -3*r + 6. Let i(t) = -2*g(t) - 11*k(t). Give i(h).
5
Let p(i) = i**2 + 10*i - 8. Suppose 50*g = 19*g - 341. Calculate p(g).
3
Suppose 0*u + 8 = -2*u. Let z(b) = -b**2 + 1. Let l(w) = -4*w**2 + 5*w + 3. Let x(o) = l(o) - 5*z(o). Determine x(u).
-6
Suppose 5*u + 2*i = u + 24, 0 = -u - 3*i + 6. Let s be 4/(-3)*u/(-8). Let j(y) = 6*y**3 + y**2 - 2*y + 1. Determine j(s).
6
Let b be 45/12 + (-1)/(-4). Let y be 10/b*(-2)/(-1). Let i(t) = -5*t - y*t + t**3 - 8 + 5*t**2 + 3*t. Determine i(-6).
-2
Let u be ((-2)/(-10))/(17/255). Let o be 1/(-8) + u/16*-26. Let r(v) = -v**3 - 4*v**2 + 3*v + 0*v**3 + 0*v**3 + 3. What is r(o)?
13
Let s(w) = -w**2 - 4*w + 11. Suppose -15*v = 17 + 88. What is s(v)?
-10
Suppose 3*n = 7*n + 3*i + 20, -2*n + 8 = -3*i. Let w(a) = 2*a - 8. Let g(q) = q - 1. Let y(k) = 6*g(k) - w(k). What is y(n)?
-6
Let j(k) be the third derivative of k**4/12 + 4*k**3/3 + 14*k**2. Let h be j(-6). Let t(m) = m**2 + 3*m - 4. Determine t(h).
0
Let h be (-2)/(2 + -3) - -4. Let w(k) be the first derivative of 6*k - 1/2*k**2 - 20. What is w(h)?
0
Let w(o) be the first derivative of -o**4/4 + 7*o**3/3 + 9*o**2/2 - 9*o + 116. Give w(8).
-1
Let u(a) = 7*a + 11. Let g(j) = 20*j + 33. Let h(o) = 6*g(o) - 17*u(o). Calculate h(0).
11
Let k(g) = 2*g. Let l be -1*4/(-6)*-3. Calculate k(l).
-4
Let a(m) = m**2 - 5*m. Let c be ((-9)/(-12))/((-1)/(-20)). Suppose -3*g - 2*g + c = 0. Suppose g*h - h = 12. Give a(h).
6
Let i(v) = -v + 3. Let o(u) = 10*u + 86. Let g be o(-8). Give i(g).
-3
Let i be ((-132)/(-11) - 7)/(-4 + 5). Suppose 0 = -2*b, -2*b = -5*n - 3*b + 25. Let c(d) = 0 + 3 + 2*d - n*d. Give c(i).
-12
Let a(r) = r**2 - 18*r - 4. Let y(b) = b**2 - 17*b - 2. Let h(m) = -4*a(m) + 5*y(m). Calculate h(11).
-16
Let x(m) = -15*m**2 + m. Let r = 27 - 23. Let o be 1/r + 5/(-4). Give x(o).
-16
Let o = 16 + -18. Let n = -7 - -9. Let k(m) = m + 3*m - n - 4*m + m. What is k(o)?
-4
Suppose 5*z + 0 = 10. Suppose 4*b - 2 = y, -4*y + 7 = b - z*b